*6 + 0*y + 0 + 1/30*y**5 - 18*y**2 - 1/6*y**3 + 0*y**4. Determine f(1).
-7
Let a(d) = -d + 1. Let g(t) = 2*t + 20. Let w be g(-7). Let z be (-2*5/w)/((-3)/(-9)). Give a(z).
6
Suppose -13 = -4*n + 7. Let c(a) = n*a + 21 - 27 + a - a**2. Calculate c(5).
-1
Let x(b) = -554*b - 15 + 280*b + 272*b. Calculate x(-7).
-1
Let l = 3 + -4. Let n(o) = -13*o**3 - o**2 - 2*o - 1. Determine n(l).
13
Let f(u) be the third derivative of -u**5/60 + 7*u**4/24 - u**3 - 30*u**2. Let p = 0 - 3. Let z = p + 7. Give f(z).
6
Let o(a) = 2*a - 3*a + 2*a + a**2 + 0*a. Let v = 4 - 4. What is o(v)?
0
Let t(r) = -r - 12. Let x be t(-16). Let h be 20/8*x/5. Let f(q) = h*q - 12 + 12. Calculate f(3).
6
Let h = -11 - -8. Let t(o) = -210 - 3*o**2 + 110 + o**2 + 2*o + 0*o + 104 - o**3. Determine t(h).
7
Suppose -4*w + 0*w + 6 = l, 0 = -l + 2. Let b(z) = -19*z - 7. Let n(x) = -10*x - 4. Let h(a) = 4*b(a) - 7*n(a). Calculate h(w).
-6
Let u(f) = -f**2 - 23*f - 13. Let v(z) = -z**3 + 13*z**2 - 5*z - 106. Let o be v(12). Determine u(o).
9
Let f(g) be the second derivative of -g**3/3 + 8*g**2 + 74*g. Give f(11).
-6
Let z = 818 - 813. Let n(l) = l**3 - 6*l**2 + 6*l - 11. What is n(z)?
-6
Let x(j) = j + 10. Let q be x(-4). Let g(d) = 6*d + 15. Let t(k) = -k - 3. Let l(b) = -2*g(b) - 11*t(b). Determine l(q).
-3
Suppose -10 - 5 = -3*m. Suppose m*l - 2*l = -18. Let w(k) be the third derivative of k**6/120 + k**5/10 - k**4/24 - k**3 + 5*k**2 + 23. What is w(l)?
0
Let d(w) = -w**2 + 8*w + 6. Let u = -252 + 260. Calculate d(u).
6
Let n(o) = 0*o - o**3 + 3*o + 1 - o + o**2. Let c = -562 - -561. What is n(c)?
1
Let m(n) = n**3 + n + 1. Let u(c) = 5*c**3 - 4*c**2 + 9*c. Let j = 44 - 40. Let r(o) = j*m(o) - u(o). What is r(3)?
-2
Let p(u) be the third derivative of u**6/120 - u**5/20 - 11*u**4/24 + u**3/6 - 4*u**2 + 10*u. Give p(5).
-4
Let h(g) = g**3 - g**2 + 1. Let f(i) = 9*i**2 + 2*i - 7. Let m(r) = 10*r**2 + 3*r - 8. Let d(j) = 6*f(j) - 5*m(j). Let b(x) = d(x) - h(x). Give b(4).
1
Let v(w) = -6*w + 2. Let s be v(-4). Let y = s + -23. Let h(g) = -5*g + 3. Determine h(y).
-12
Let q(v) = -v**2 - v - 1. Let u(w) = w**3 - 11*w**2 - 11*w + 2. Let b be u(12). Let c = b + -9. Suppose -6 = c*f - 1. Give q(f).
-1
Let s(b) = -b**3 + 5*b**2 - b - 4. Let g(p) = -2*p**3 + p. Let f be g(-1). Let r = 2 + f. Give s(r).
11
Suppose 0 = 19*k - 8 - 11. Let r(w) be the third derivative of -w**6/30 + w**5/30 - w**4/12 + w**3/6 - 18*w**2. Calculate r(k).
-3
Let n = 5/8 + -1/8. Let y(a) be the third derivative of 1/12*a**4 + 3*a**2 + 0 + 0*a + n*a**3 - 1/120*a**6 + 0*a**5. Determine y(-2).
7
Let x(k) = 5*k**2 + 4*k + 5. Let f(b) = -3*b + 3. Let s be f(3). Let r(a) = a**2. Let g(o) = s*r(o) + x(o). Determine g(4).
5
Let x(k) = 4*k + 11. Let t(h) = -4*h**2 - 163*h + 38. Let z be t(-41). Give x(z).
-1
Suppose t - 5*t - z + 51 = 0, 0 = -2*t + 5*z + 9. Suppose -x - 3*x + t = 0. Let p(g) = 4*g**2 - 7*g - 1 + 3*g**x - 2*g**3 + 6*g. Give p(-4).
3
Suppose 2*l = -3*u + 35, 6*l - 3*u = 7*l - 25. Let o(m) = m - 3. Determine o(l).
7
Let k(f) be the third derivative of 1/3*f**4 + 0*f + 1/360*f**6 - 7/120*f**5 + f**3 + 0 + 4*f**2. Let a(g) be the first derivative of k(g). What is a(6)?
2
Let n(c) be the first derivative of c**2/2 + 15. Give n(5).
5
Let u(p) = 3*p**3 + 4*p**2 + p - 2. Let m be 4 + (0 - -27) - 5. Suppose 6*j = -7*j - m. Give u(j).
-12
Let w(c) = -1. Let s = 80 - 79. Let o(b) = b**2 + 6*b - 8. Let q(y) = -y**2 - 6*y + 8. Let t(v) = -2*o(v) - 3*q(v). Let g(l) = s*t(l) - 3*w(l). What is g(-6)?
-5
Suppose -4*z + 8*z + 14 = -2*v, -4*z + 21 = -5*v. Let y(r) = -7*r**2 - 2*r - 3. Let g(o) = 20*o**2 + 5*o + 8. Let w(u) = -4*g(u) - 11*y(u). Calculate w(z).
-4
Let u be 0 - (0 - (1 + 2)). Let t(h) be the second derivative of h**5/20 - 5*h**4/12 + 2*h**3/3 - h**2/2 + 174*h + 2. Determine t(u).
-7
Let s be (-1 - -3)/(-2) - 5. Let u(n) be the third derivative of 0 + 8*n**2 - 1/2*n**3 + 0*n + 5/24*n**4 + 1/60*n**5. Determine u(s).
3
Let q(t) = -2*t - 3. Let v(a) = a + 1. Let r(c) = c**2 - 3*c + 4. Let h be r(3). Suppose -8 = h*l - 2*l. Let b(n) = l*v(n) - q(n). What is b(4)?
-9
Let v(q) = 4*q**2 - 19*q**2 - 2 + 14*q**2 + q - 4*q + q**3. What is v(-3)?
-29
Let c(b) = b + 16. Let h(l) = -3*l - 51. Let t(q) = -14*c(q) - 4*h(q). What is t(-11)?
2
Let n(a) = -a**2 + a - 6. Let s be n(6). Let b = -35 - s. Let t(h) = -11*h - 1. Give t(b).
-12
Suppose -5*j = -l - 16, -2*l - 3*j = 2*j + 2. Let x(f) be the second derivative of -f**3/2 - 5*f**2/2 - 24*f. Calculate x(l).
13
Let l(w) = w + 4. Let i be l(-4). Suppose 4*u + 0 - 1 = j, i = u + j + 6. Let t(q) = -4*q**3 + q**2 + q. Calculate t(u).
4
Let b(n) be the first derivative of n**2 - 19*n - 398. Give b(6).
-7
Let u(z) = 427*z - 119*z - 6 - 307*z. Suppose 36 + 4 = 4*j. Give u(j).
4
Let z(i) = 3*i**2 + 8*i + 1. Let n(b) = 5*b**2 + 14*b + 1. Let a(y) = 4*n(y) - 7*z(y). Calculate a(4).
-19
Let m = 293 - 285. Let f(s) = -3*s + 4. Calculate f(m).
-20
Let q(t) = t**2 - 2*t - 4. Let n(o) = -o + 38. Let w be n(20). Let p be (42/w)/7*12. Determine q(p).
4
Let x(d) = -9*d**2 - 10*d + 53 + 58 + d**3 - 119. Give x(10).
-8
Let m(a) = 1 - 4 + 2*a - a**2 - 3*a. Let t(n) = -3*n + 6. Let d be t(2). What is m(d)?
-3
Let z(i) = 2*i - i + 2*i + 0*i - 5*i + 2*i**2. Let a(t) = -2*t + 1. Let n be a(2). What is z(n)?
24
Let h(s) = -4*s + 25. Let b = -1 - -3. Let c(j) = j - 8. Let o(g) = b*h(g) + 7*c(g). Suppose 38*w - 21*w + 85 = 0. Calculate o(w).
-1
Let d be 2*(-12)/8*7*1. Let o = d - -25. Let v(i) = 4*i - 4*i + i - 8 + 4. Determine v(o).
0
Let r = -40 - -45. Let m(b) = 4*b + 17. Let p(l) = -3*l - 16. Let f(z) = -4*m(z) - 5*p(z). What is f(r)?
7
Let d(t) = -4 - t + 2 + 9 - 26*t**2 - 6. Determine d(1).
-26
Suppose a = -4 - 0, -6 = -5*g + 4*a. Let q be g/8 + 180/(-48). Let h(k) = k**2 + 6*k + 3. What is h(q)?
-5
Let p(x) = x**3 + 7*x**2 + 5*x + 11. Let w(q) = -2*q**3 - 14*q**2 - 8*q - 24. Let c(z) = -5*p(z) - 2*w(z). What is c(-6)?
11
Let u(w) = w**2 - 2*w + 2. Let k = 49 - 80. Let m = 35 + k. Let z be 1/(m*5/40). Calculate u(z).
2
Let h(a) be the first derivative of a**3/3 + a**2 - 5*a + 118. Give h(-6).
19
Let u(y) = -y - 6. Let m be u(-15). Suppose m = -0*d + 3*d. Suppose -2*g = d*n - 23, -3*n - n = -5*g. Let q(r) = -r**2 + 7*r - 4. Calculate q(n).
6
Let c(v) = -1 + 4*v - 13*v + 8*v. Let i(o) = 6*o. Let a be i(0). Determine c(a).
-1
Suppose 3*i - 5*p - 337 = 0, -i + 0*i - 3*p + 89 = 0. Let h be i/(-24) - (-1)/3. Let f(g) = g - 1. What is f(h)?
-5
Let n(l) be the first derivative of l**2/2 - 3*l + 8. Determine n(8).
5
Suppose -6*d + 0 = -18. Let p(q) = -2*q + 0 + 0*q + q + d. Let l be -1*(1 + 0) + -2. Calculate p(l).
6
Let x(a) be the third derivative of -a**6/120 - a**5/60 - a**4/24 - 10*a**3/3 - 7*a**2 + 1. Calculate x(0).
-20
Let u(a) = 4*a + 0*a + 4 + 0*a. Let l be 4 + -3 + 0 + 11. Let f = l - 15. What is u(f)?
-8
Let g(u) = 30*u**2 - 3*u + 5. Let j(m) = -15*m**2 + 2*m - 3. Let h be 2/7 - 594/(-126). Let a(f) = h*j(f) + 3*g(f). Give a(-1).
14
Let b(w) be the first derivative of -w**3/3 - w**2/2 - 5*w - 4. Let z(j) be the first derivative of b(j). Let m(c) = -c + 2. Let p be m(5). Calculate z(p).
5
Let y(o) = o**3 - 4*o**2 + o - 1. Let x(t) = -6*t**3 + 20*t**2 - 6*t + 6. Let v be 1/((-14)/4 - -3). Let l(a) = v*x(a) - 11*y(a). Give l(-4).
-5
Let h = -6 + 2. Let g = h - 0. Let i(r) = -6 + r**3 + 3*r**2 - 3*r + 3 - 2 + 0. Calculate i(g).
-9
Suppose 0 = -4*j + 2*j + 36. Let g = 23 - j. Suppose 4 + 6 = g*k. Let d(c) = 3*c**3 - c**2 - 2*c - 1. Give d(k).
15
Let a = 5 + -1. Let q(y) = -8*y**2 + 17*y - 16. Let x(h) = 7*h**2 - 15*h + 13. Let b(l) = -6*q(l) - 7*x(l). Give b(a).
1
Let b(q) = -3*q - 3. Let f = 3 + -4. Let l be f/2*-12 - 2. Suppose s - 2*p = -9, -1 = l*s + 5*p - 4. Calculate b(s).
6
Let a(v) = -2*v**3 + 78*v**2 + 79*v + 37. Let c be a(40). Let q(o) = 5*o + 1. Calculate q(c).
-14
Let n(v) = -v**2 - 1. Let h(m) = 3*m**2 - 3*m. Let r(a) = -h(a) - n(a). Let z(b) = b**2 + 6*b - 4. Let w be z(-6). Let g be -1 + w*(-2 + 6)/(-4). Give r(g).
-8
Let f(b) be the second derivative of -b**4/6 - 4*b**3/3 + b**2/2 + 2*b - 26. Give f(-6).
-23
Let i = -21 + 22. Suppose 2*u = 5*w + i - 18, u = -2*w + 5. Let j(f) = -7*f**2 + 1. Give j(u).
-6
Let f(l) be the third derivative of -l**6/120 - 4*l**5/15 + 17*l**4/24 - 153*l**2